Let m be l(b). What is the greatest common divisor of 31 and m?
31
Let u = -16825 + 17350. What is the highest common divisor of 16975 and u?
175
Let f(q) = 69*q + 2845. Let r be f(-32). Calculate the greatest common divisor of 104 and r.
13
Let p = 609 - 594. Let u = -48 + 168. What is the greatest common divisor of p and u?
15
Suppose 0 = 2*s + 2*t - 74, 153 = 5*s - s + 3*t. Suppose -4*b + 490 = 3*o - s, -4*o + b + 741 = 0. What is the highest common factor of o and 8?
8
Let c be (130/(-104))/((-2)/8). Suppose 0 = 5*u - 5*i - 2510, -15*u - c*i - 1010 = -17*u. What is the greatest common factor of 10 and u?
10
Let a = 11831 + -11699. Calculate the greatest common factor of 240 and a.
12
Let o be (-162)/135*20/(-6). Let n be 7/(-14)*64/4*-1. What is the highest common factor of o and n?
4
Suppose -51*d + 27*d = -136080. Calculate the greatest common divisor of d and 30.
30
Suppose 60*h - 18725 = 25*h. Let z = 970 - h. Calculate the highest common divisor of 15 and z.
15
Let u be 2/(-8) + (-2403)/(-12). Let s = 43174 + -43054. What is the greatest common divisor of u and s?
40
Let j be (-32)/14 - (-381806)/2443. What is the greatest common factor of 7018 and j?
22
Let f be (8 + 3)/(12/6780) - -7. Calculate the highest common factor of f and 17.
17
Suppose -280*a = -272*a - 248. Suppose 40*c - a*c = 270. Let w = -305 - -545. Calculate the highest common divisor of w and c.
30
Suppose 15262*a - 15249*a = 1495. Suppose h = 1 + 1. Suppose -h*v + 232 = 5*p, -187 - 42 = -5*p + v. Calculate the highest common factor of p and a.
23
Suppose -3*f + 9 = 0, 0 = -2*o - 3*f + 126 + 67. Suppose 0 = 29*v - 658 - 676. What is the highest common factor of o and v?
46
Suppose s + 81 = 2*r - 264, 4*s + 330 = 2*r. Let f be (-2)/(16/(-10))*84. What is the greatest common factor of f and r?
35
Suppose 13*q + 1675 - 2351 = 0. Calculate the greatest common divisor of q and 13.
13
Let l = 626 + -642. Let z be (-16)/3*(-19 - l). Let h be 17 + (1 - 0)*-1. What is the highest common factor of z and h?
16
Suppose 3*o + 6 = 5*o. Suppose 0*r + r = -2*u + 4, 0 = -o*r. Suppose -5 = -5*b + 4*i, 5*i - 2 = -4*b + u*b. Calculate the highest common factor of 7 and b.
1
Suppose 170 = j - 0*m + 2*m, -m = 5. Suppose -31*v + 47*v = 432. Calculate the greatest common divisor of v and j.
9
Suppose 861 + 902 = -14*s + 57*s. What is the greatest common factor of 5617 and s?
41
Suppose -2 = -3*l + 8 + 8. Calculate the highest common factor of 376 and l.
2
Suppose 2*r = -0*r - 3*j + 995, j = 3*r - 1487. Suppose -4*a + 39 = -6*d + 11*d, 0 = -a - d + 11. Calculate the highest common factor of a and r.
16
Suppose 0 = -89*c + 88*c. Suppose -6*y = -c*y - 18. What is the greatest common factor of 123 and y?
3
Let u(p) = -p**3 + 2*p**2 + 4*p - 2. Suppose -2*c + 16 = 4. Suppose 0 - c = -2*l. Let g be u(l). What is the greatest common divisor of g and 9?
1
Let k(i) = -i + 13. Let d be k(5). Let v be ((-8)/d)/((-1)/9). Suppose -v*b = -8*b - 17. Calculate the highest common divisor of 170 and b.
17
Let v(g) = 349*g + 1. Let p be v(1). Suppose c = 2*c - 7*c. Suppose 12*d - 9*d - 6 = c, -3*d = b - 41. What is the greatest common divisor of b and p?
35
Let y = 188 - 185. Let i(q) = 24*q - 19. Let m be i(y). Calculate the greatest common divisor of m and 53.
53
Let l(s) = 27*s**2 - s + 2. Let h be l(2). Let u = -15 + h. Suppose -4*i - j - 4*j = -63, -4*i = -j - u. Calculate the greatest common factor of 110 and i.
22
Let r(d) = -d**2 + 70. Let u be r(0). Let l = -48024 + 48108. What is the highest common factor of l and u?
14
Let v = 33 + -29. Suppose -5*q + 634 + 670 = t, -v*q = -3*t - 1047. Calculate the highest common factor of q and 29.
29
Let q be 8/(-24) - 188/(-6). Suppose 7*z - 452 = q. What is the highest common divisor of z and 92?
23
Let l(c) = 19*c**2 - 21*c - 76. Let q be l(-3). Suppose 3*o - 4*v = 379, q = 2*o + v - 113. Calculate the greatest common divisor of o and 35.
7
Let o(t) = 22*t**2 + 7*t + 10. Let y be o(-3). Let b = y + -87. What is the highest common factor of b and 2?
2
Let m(l) = l**3 - 16*l**2 + 16*l - 11. Let n be m(15). Suppose -3*b = -n*z - 6*b + 752, 0 = 3*z + 2*b - 563. What is the highest common divisor of 74 and z?
37
Let s be (6/27 - 9039/(-1242))/(2/292). What is the highest common factor of s and 30?
15
Let m = 30615 + -30444. What is the highest common divisor of m and 2133?
9
Let d = -71 - -70. Let o be (3/(45/(-69)))/(d/5). Let u be 136/6 - (-2)/6. What is the highest common factor of u and o?
23
Let h = 7879 - 7803. What is the greatest common divisor of h and 16?
4
Suppose -17*g - 305 = -3*g - 1173. Calculate the greatest common factor of 86 and g.
2
Suppose 14 + 1 = 3*r. Let p = 388 + -365. Suppose 0 = -p*n + 34*n - 55. What is the greatest common divisor of r and n?
5
Let n = 37 - 17. Suppose -15*k = -n*k + 425. Let i = -65 + k. Calculate the highest common divisor of i and 160.
20
Let p = -394 - -298. Let g be ((-93)/(-12) + 5)*p/(-18). What is the greatest common divisor of g and 17?
17
Suppose -r - 109 - 85 = 0. Let n be r/(-6) - (-4)/6. Let p(u) = 4*u**2 + 13*u - 44. Let m be p(-6). Calculate the highest common divisor of m and n.
11
Suppose 0 = c - 2, c = -3*u + 3*c + 44. Calculate the greatest common factor of 1784 and u.
8
Let r(h) = -h**2 + 68*h - 813. Let v be r(17). Suppose -91 + 19 = -3*p. Suppose -4*g - p + 312 = 0. What is the highest common factor of g and v?
18
Let b(c) = 46*c**2 + 252*c + 58. Let q be b(-13). Calculate the greatest common divisor of q and 136.
68
Let v be 32784/14 + (-612)/(-476). What is the greatest common divisor of v and 44?
11
Suppose 1169 = -19*a + 20*a + 2*k, -5*a + 5825 = 5*k. What is the greatest common divisor of a and 43?
43
Let u be -14 + (15 - 0)*(-5)/(-15). Let t be 10/15*u*6/(-12). What is the highest common factor of t and 147?
3
Suppose -3182 = -28*r - 130. Let s = 137 - r. What is the greatest common factor of s and 308?
28
Let d(f) = -f**3 + 12*f**2 - 22*f + 305. Let o be d(10). Calculate the highest common factor of 145 and o.
5
Suppose -7*r - 52*r + 30400 = -31550. Calculate the greatest common divisor of r and 112.
14
Let k(i) = 4*i**2 + i - 3. Let o be k(-3). Let b = 143 - 340. Let p = b - -207. What is the highest common divisor of o and p?
10
Let o = 634 + -630. Suppose 2*h - 4*w - 296 = 0, 273 = o*h + 5*w - 358. Calculate the highest common divisor of h and 22.
22
Let d = -3385 - -3504. Calculate the greatest common divisor of 189 and d.
7
Let l(n) = -4*n**2 - 81*n + 290. Let q be l(-19). Suppose r - 880 = -3*r. What is the highest common divisor of q and r?
55
Suppose -3*l = -3*c - c - 11024, -4*l + 14704 = -4*c. Suppose -5*g + 8*g - 2199 = 3*r, 5*g = 2*r + l. Calculate the highest common factor of g and 18.
18
Suppose -9 = 3*x + 6. Let l be (5/(-15))/(1/x)*6. Calculate the greatest common factor of l and 190.
10
Suppose 0 = -101*v + 260*v - 24804. What is the highest common factor of v and 4407?
39
Let c(q) = -5*q - 23. Let g be c(-8). Suppose 3*l + 98 = g. Let p = l - -28. Calculate the highest common factor of p and 11.
1
Suppose 0 = -5*o + s - 26 + 226, -s = o - 40. What is the highest common factor of o and 7880?
40
Let b be ((-2)/8)/(5 - 2814/560). Suppose -b*h + 8 = -22. Calculate the highest common divisor of h and 3.
3
Suppose 0 = 2*q - 2*g + 83 - 295, 0 = 5*q + 2*g - 502. What is the greatest common divisor of 374 and q?
34
Suppose -63*w + 320 = -59*w. Suppose -4*n = -n - 4*a - 68, -n + 3*a + 26 = 0. What is the highest common factor of w and n?
20
Suppose 0 = c - 2*c - 5. Suppose 3*w = 5*w - 70. Let b be w/(-20)*c/(10/8). What is the highest common factor of b and 35?
7
Let k = -13953 + 14261. Calculate the highest common factor of k and 396.
44
Let o = -172 - -175. Let y be o + (2/(-15) - (-11168)/60). Calculate the greatest common factor of y and 27.
27
Suppose -22*x + 49*x - 135 = 0. Suppose -x*j + 23 = -12. What is the greatest common factor of j and 7?
7
Let b be 116 + ((-8)/(40/65) - -7). Calculate the highest common factor of b and 30.
10
Let f(y) = -13*y - 18. Let u be f(3). Suppose -3*b - 103 - 4 = 4*p, 4*p = -2*b - 70. Let c = b - u. Calculate the highest common factor of c and 140.
20
Suppose 47*f = -24*f + 12496. Calculate the highest common factor of f and 506.
22
Suppose 83